 9 a factor of 5625?
True
Does 28 divide 335?
False
Does 53 divide 2385?
True
Is 34 a factor of 223?
False
Is 40068 a multiple of 64?
False
Is 55 even?
False
Is 22496 a multiple of 9?
False
Does 37 divide 418?
False
Is 5124 a multiple of 15?
False
Is 67 a factor of 2450?
False
Is 70533 a multiple of 17?
True
Is 108 a factor of 48492?
True
Is 12 a factor of 1932?
True
Is 48 a factor of 4944?
True
Is 11447 a multiple of 45?
False
Is 45023 a multiple of 149?
False
Does 67 divide 807?
False
Is 91 a factor of 273?
True
Is 13464 a multiple of 204?
True
Is 126 a multiple of 42?
True
Does 185 divide 9065?
True
Is 3657 a multiple of 69?
True
Does 21 divide 207?
False
Is 338 a multiple of 72?
False
Is 300 a multiple of 20?
True
Is 7 a factor of 4975?
False
Is 19 a factor of 570?
True
Is 800 a multiple of 20?
True
Is 15 a factor of 29167?
False
Does 30 divide 91929?
False
Is 45917 a multiple of 37?
True
Is 115 a factor of 10350?
True
Is 633 a multiple of 32?
False
Does 80 divide 800?
True
Is 3847 a multiple of 12?
False
Is 4248 a multiple of 177?
True
Does 37 divide 19055?
True
Does 47 divide 39339?
True
Does 7 divide 524?
False
Is 82 a factor of 820?
True
Is 36 a multiple of 3?
True
Is 20 a factor of 613?
False
Is 18021 a multiple of 12?
False
Is 17 a factor of 2108?
True
Is 2 a factor of 3955?
False
Does 12 divide 1500?
True
Is 18 a factor of 992?
False
Is 20 a factor of 9741?
False
Is 19 a factor of 17772?
False
Does 24 divide 21240?
True
Is 95143 a multiple of 108?
False
Is 25650 a multiple of 213?
False
Is 15 a factor of 4058?
False
Is 16 a factor of 624?
True
Is 1062 a multiple of 59?
True
Is 3972 a multiple of 20?
False
Is 79716 a multiple of 13?
True
Does 5 divide 46?
False
Is 578 a multiple of 5?
False
Does 36 divide 5940?
True
Is 115 a multiple of 7?
False
Is 370 a multiple of 37?
True
Is 24 a factor of 1056?
True
Is 2380 a multiple of 140?
True
Is 22 a factor of 4793?
False
Does 73 divide 4307?
True
Is 109 a multiple of 24?
False
Does 78 divide 4229?
False
Is 17916 a multiple of 124?
False
Is 7 a factor of 1246?
True
Is 10 a factor of 282?
False
Does 12 divide 1177?
False
Is 576 a multiple of 48?
True
Is 10947 a multiple of 89?
True
Is 20143 a multiple of 24?
False
Does 85 divide 6800?
True
Is 1561 a multiple of 20?
False
Is 114 a factor of 17670?
True
Is 37 a factor of 6603?
False
Does 49 divide 1715?
True
Is 378 a multiple of 9?
True
Does 5 divide 901?
False
Is 149 a factor of 4172?
True
Is 8067 a multiple of 20?
False
Is 69 a factor of 2006?
False
Is 24 a multiple of 3?
True
Is 378 a multiple of 18?
True
Is 195 a factor of 42900?
True
Is 97 a factor of 5335?
True
Is 8 a factor of 2362?
False
Is 14628 a multiple of 54?
False
Is 1373 a multiple of 19?
False
Is 22690 a multiple of 31?
False
Is 10288 a multiple of 16?
True
Is 19110 a multiple of 49?
True
Is 24472 a multiple of 184?
True
Is 22152 a multiple of 71?
True
Does 125 divide 1625?
True
Does 27 divide 3241?
False
Does 3 divide 2734?
False
Is 696 a multiple of 24?
True
Is 382 a factor of 19488?
False
Does 92 divide 16362?
False
Does 33 divide 323?
False
Does 18 divide 21168?
True
Does 23 divide 3119?
False
Is 8184 a multiple of 66?
True
Is 5458 a multiple of 176?
False
Is 2502 a multiple of 18?
True
Does 27 divide 999?
True
Is 104 a factor of 4784?
True
Does 4 divide 180?
True
Is 18 a factor of 4032?
True
Does 42 divide 1344?
True
Does 65 divide 28730?
True
Is 46 a factor of 707?
False
Does 44 divide 2061?
False
Is 12 a factor of 12046?
False
Does 12 divide 334?
False
Is 37 a factor of 1061?
False
Is 50 a factor of 10962?
False
Is 6555 a multiple of 19?
True
Does 16 divide 160?
True
Does 53 divide 742?
True
Is 9044 even?
True
Is 307 even?
False
Is 61 a factor of 1209?
False
Is 18029 a multiple of 9?
False
Is 11253 a multiple of 93?
True
Is 89880 a multiple of 14?
True
Is 23 a factor of 11488?
False
Is 9 a factor of 19?
False
Does 78 divide 45084?
True
Is 37 a factor of 1728?
False
Does 20 divide 1900?
True
Does 25 divide 899?
False
Is 8 a factor of 797?
False
Is 10 a factor of 1681?
False
Does 10 divide 430?
True
Does 107 divide 1926?
True
Is 21 a factor of 5901?
True
Is 58 a factor of 580?
True
Is 788 a multiple of 20?
False
Is 1789 a multiple of 4?
False
Is 7 a factor of 2723?
True
Is 2666 a multiple of 43?
True
Is 114 a factor of 31008?
True
Does 15 divide 49560?
True
Does 60 divide 38880?
True
Is 9 a factor of 112077?
True
Is 43 a factor of 7310?
True
Is 38 a factor of 4618?
False
Is 18 a factor of 946?
False
Does 19 divide 4313?
True
Is 317 a multiple of 3?
False
Is 870 a multiple of 10?
True
Does 109 divide 7062?
False
Does 51 divide 702?
False
Does 20 divide 1479?
False
Is 755 a multiple of 7?
False
Does 3 divide 3576?
True
Is 27 a multiple of 9?
True
Does 14 divide 420?
True
Does 8 divide 144?
True
Is 1096 a multiple of 6?
False
Does 31 divide 13144?
True
Is 2624 a multiple of 32?
True
Does 5 divide 30885?
True
Is 67 a factor of 1477?
False
Is 7234 a multiple of 37?
False
Is 46054 a multiple of 44?
False
Is 2680 a multiple of 94?
False
Is 44981 a multiple of 45?
False
Does 2 divide 4536?
True
Does 223 divide 11596?
True
Does 20 divide 360?
True
Is 840 a multiple of 14?
True
Is 3775 a multiple of 16?
False
Does 143 divide 10582?
True
Is 11 a factor of 20922?
True
Is 248 a factor of 11899?
False
Does 42 divide 22813?
False
Is 23 a factor of 3312?
True
Is 6670 a multiple of 23?
True
Is 43 a factor of 12725?
False
Does 65 divide 4160?
True
Does 160 divide 26720?
True
Does 2 divide 280?
True
Does 6 divide 3870?
True
Is 928 a multiple of 8?
True
Does 17 divide 3128?
True
Is 21 a factor of 8652?
True
Does 7 divide 2669?
False
Is 1104 a multiple of 23?
True
Does 13 divide 429?
True
Is 1469 a multiple of 13?
True
Is 13 a factor of 2592?
False
Is 504 a multiple of 18?
True
Is 16 a factor of 5152?
True
Is 151 a multiple of 3?
False
Is 115 a multiple of 2?
False
Is 32 a factor of 2216?
False
Is 15 a factor of 15582?
False
Does 4 divide 628?
True
Is 7 a factor of 273?
True
Does 20 divide 1000?
True
Does 6 divide 1410?
True
Is 34 a factor of 1190?
True
Is 23 a factor of 115?
True
Does 44 divide 660?
True
Is 1360 a multiple of 10?
True
Does 3 divide 260?
False
Is 5278 a multiple of 18?
False
Is 250 a multiple of 125?
True
Is 1161 a multiple of 127?
False
Is 257 a factor of 48316?
True
Is 3447 a multiple of 9?
True
Does 178 divide 3026?
True
Is 43 a factor of 115?
False
Is 916 a multiple of 18?
False
Is 415 a multiple of 22?
False
Does 60 divide 25252?
False
Is 16302 a multiple of 66?
True
Is 34815 a multiple of 11?
True
Does 17 divide 3584?
False
Is 1317 a multiple of 133?
False
Does 13 divide 12603?
False
Does 50 divide 62326?
False
Is 8 a factor of 8632?
True
Is 1497 a multiple of 18?
False
Is 10537 a multiple of 46?
False
Does 58 divide 6166?
False
Is 4 a factor of 1109?
False
Does 15 divide 13404?
False
Is 16 a factor of 1456?
True
Is 470 a multiple of 26?
False
Is 6 a factor of 287?
False
Is 6 a factor of 96?
True
Does 88 divide 651?
False
Is 454 a multiple of 6?
False
Does 18 divide 76898?
False
Is 833 a multiple of 5?
False
Does 112 divide 9041?
False
Does 10 divide 2934?
False
Does 2 divide 12?
True
Is 35282 a multiple of 164?
False
Is 928 a multiple of 16?
True
Is 189 a factor of 6993?
True
Does 4 divide 1512?
True
Is 7 a factor of 4831?
False
Is 4784 a multiple of 13?
True
Is 424 a multiple of 15?
False
Does 9 divide 1306?
False
Does 42 divide 538?
False
Is 8 a factor of 124?
False
Does 9 divide 9979?
False
Is 2 a factor of 4045?
False
Does 68 divide 2364?
False
Is 44 a factor of 352?
True
Is 3749 a multiple of 30?
False
Does 9 divide 953?
False
Is 47 a factor of 94?
True
Is 9 a factor of 4728?
False
Is 31 a factor of 1703?
False
Is 11 a factor of 176?
True
Is 1722 a multiple of 41?
True
Is 1260 a multiple of 105?
True
Is 20 a factor of 120?
True
Is 15 a factor of 4274?
False
Is 11 a factor of 53141?
True
Is 23 a factor of 25947?
False
Is 2754 a multiple of 81?
True
Does 55 divide 3606?
False
Does 37 divide 925?
True
Is 21 a factor of 462?
True
Is 380 a multiple of 20?
True
Does 4 divide 172?
True
Is 19255 a multiple of 206?
False
Is 18 a factor of 1314?
True
Is 27 a factor of 2376?
True
Does 10 divide 12753?
False
Does 22 divide 137305?
False
Is 36 a factor of 2473?
False
Is 112